the value of (-1 - 8) + (3 - 3) + 19 + (1844 - 1963)?
-109
What is -34 + (142 - (67 - -19))?
22
Calculate -67 + 81 - 3 - -17.
28
-4 + 7 + (8 - 1) - (-14 - -3)
21
What is the value of -6 + -3 - (-9 + (-3 - (-17 - -23)))?
9
70 + -4 - (-3 - (11 + -15 + 0))
65
Evaluate 46 + 18 + -31 - (-46 + 30).
49
746 + -751 + 1 + 69
65
Calculate 38 + -102 + 2 + 76.
14
What is 3 + (11 - 9) + (-7 - -5 - 0) + -118?
-115
What is the value of 2 + (49 - (0 + 1)) + (-345 + 737 - 405)?
37
-3843 + 3778 + -23 + 1 + -2 + 2
-87
What is -42 + (94 - (-24 + 38 - -22))?
16
Calculate -55 + -25 + (36 - 8) + -31.
-83
What is the value of -6 + (-7 - (-26 - -9) - 19) + -42?
-57
(-102 - -116 - (-4 - (0 + (24 - 0)))) + 1
43
(256 + -118 - 167) + -2 + 84
53
Evaluate 0 + 55 + (3 + 1 - (274 + -306) - 29).
62
-1 + -5 - (39 - (25 + -2 + (72 - 85)))
-35
Calculate (-6 - (-62 - -2)) + (-3 + -1 - -15).
65
Calculate -63 - (-55 - (-40 - -102)).
54
47 + (-6 - (-17 - (-38 + 27)))
47
Calculate 25 - ((-27 - 14) + 23 - -97).
-54
Evaluate -37 + 40 + 3 + -10 + -8.
-12
Calculate -28 + (-17 - -16) + -29 + -15 + 0.
-73
Evaluate -24 - (41 - 25) - -109 - (0 + -1 + -7).
77
What is 20 + (31 + -192 + -12 - (-3 - 21))?
-129
Calculate 77 + (14 - (-3 + (4 - -1))) + -24 + -2.
63
Evaluate -662 + 582 + (-14 - -223).
129
What is 3 + 16 + -86 + 15 - 26?
-78
What is -12 - (0 + 16 + -63)?
35
What is 50 + -47 - (67 - 14)?
-50
What is -1 - (0 + -11 + -2) - (-112 + 92 - -41)?
-9
What is 135 - 158 - (0 + -73) - 16?
34
Evaluate 372 - 360 - ((-1 - 0) + -1 + 0).
14
Evaluate -7 + -2 + 5 - (5 - (-39 - -20)).
-28
(25 - (54 + -17)) + 65
53
-26 + (7 - (5 + -26)) + 21
23
Calculate 11 + 3 + -27 + (-11 - (0 + -39)).
15
Calculate -18 - ((-29 + 33 - -3) + -1).
-24
Evaluate 44 - 123 - (128 + -188).
-19
What is 4 - (33 - 43 - -6)?
8
What is the value of -13 - ((28 - (-7 + 18)) + -5 - 74)?
49
What is the value of 31 + (-1 - (-14 + -44) - 0)?
88
15 + (-99 - (6 - (-14 + 38)))
-66
-8 - (-15 + 3 + (-1 - (12 + -9 - 16)))
-8
What is -113 - (-10 - 27) - -54?
-22
Evaluate -15 - (11 + (18 - (31 - 21))).
-34
Calculate -1 - -20 - (86 - 27 - 53).
13
Evaluate 3 + -8 - (-29 - -63).
-39
Calculate -18 + (15 - (2 - 13)) + 6 + 1.
15
Calculate 110 - 110 - 26 - -116.
90
What is the value of 3 + (-5 - (-15 + -12)) - (3 - (-4 - -6))?
24
-6528 + 6504 - (5 + -4 + (0 - -67))
-92
-3 - (-20 + 7 + 14 + -14 - 24)
34
Evaluate 21840 - 21856 - (0 - (16 + -1)).
-1
-49 + 40 + -7 + -14 + -4
-34
What is (-12 + (-16 - (-26 + 9)) - 4) + 68?
53
What is the value of 1190 + -1117 - (2 + -4 + -13 - 1)?
89
What is -28 + (-1 - 5) + 690 + -676?
-20
What is 10 - ((7 - (-4 + (-10 - (1 + 31)))) + -4)?
-39
What is the value of 17 + (15 + -12 - -9 - (-1 - 7))?
37
What is (1 - -23) + (50 - 152) + 145?
67
What is 5 + -14 + (1 - -5 - -15) + 3?
15
-19 + -13 + -66 + 25 + (-12 - -3)
-82
Calculate (-10 + 1 + 104 + -85 - -2) + -4 + 7.
15
What is the value of 107 - (8 + -44) - 95?
48
What is -8 + (-74 - -91 - (-1 - -15)) + -57 + 4?
-58
Calculate 8 - (-4 + -8 + 14 + (-10 - -17)).
-1
What is the value of -17 + (-44 + 55 - 44)?
-50
What is -22 + -248 + (-394 - -548)?
-116
Evaluate -6 + (-3495 + 3484 - (51 + -1 - 0)).
-67
What is the value of (69 - 54) + (1 - 1) + -8?
7
(-96 - -1 - -1) + (-501 - -41) + 479
-75
What is the value of (1382 - 1416) + (1 - -2) + 79?
48
-5 - (-1 - 2) - (-24 + 38 - 61)
45
What is -199 + 224 + (-1 - 28) + -5?
-9
Calculate -42 - (-67 - 16) - (1 + 10).
30
What is 96 - 58 - 9 - 5?
24
Evaluate (-27 - -28) + 35 + 14.
50
Calculate 8 + 82 + (-19 - 29).
42
(7 - 50) + 47 + 25
29
Calculate (113 - 227) + 64 - 50.
-100
What is the value of (-7 - -7 - -2 - (-13 - -10)) + (11 - 66)?
-50
Evaluate (124 + -161 - (5 + 0 - -3 - -3)) + 2.
-46
Evaluate (-2 - (4 + 17)) + (-3559 - -3641).
59
What is the value of (-100 - -134) + 1 + -65?
-30
Evaluate 24 - ((-13 - 0) + (19 - 7) + 101).
-76
What is the value of -2021 + 2213 + (-121 - -2)?
73
What is -34 + (10 + 56 - 21)?
11
What is the value of 5 + 3 + 12 - 7 - (-14 + 1)?
26
What is -1507 + 1516 + 1 + 39 - -25?
74
3 + -4 - -2 - (-11 + (-7 - -19))
0
Calculate 12 - 4 - (7 + -38 - -14).
25
Calculate 7 + -26 + 11 + (-14 - (13 - 21)).
-14
What is 25 + -33 + 5 - 3 - (41 + 2)?
-49
Evaluate (-3 - 100) + 26 + -3 + 4 + -15.
-91
(17841 - 17870) + -48 + 0
-77
What is the value of -928 + 917 - (0 - -16 - -1)?
-28
Calculate 12 + 30 + -100 - -12.
-46
Evaluate 2 + -45 + 2 + 899 + -936.
-78
(44 - (-50 - -95)) + 9
8
Evaluate -21 + (10 - -13) - (13 + -2) - 12.
-21
Calculate -65 - -3 - -3 - ((18 - 21 - 10) + 10).
-56
-43 - (7 + (-6 - -17) + (0 - 3) + -26)
-32
What is the value of (1 - 35) + 53 + 16?
35
What is 47 - 107 - (7 + -4 + 12)?
-75
Calculate 14 - ((41 - 3) + -4) - (-2 - (-5 - 1)).
-24
What is the value of 10 + (5 + -21 + 9 - -18 - 5)?
16
Calculate 32 - ((0 - -109) + (-3 - 18)).
-56
(11 - (8 - -6 - 5)) + -7 - -2 - -66
63
3 - (4 - (37 - 27)) - 117
-108
Calculate -2 - -2 - (61 + -53) - (-14 - -51).
-45
Calculate -587 + 585 + (-1 - -17) + -105 + -4.
-95
-107 + 33 + (11 - 16 - 22)
-101
Calculate 200 + (-71 - (7 + 37)).
85
What is 0 + 42 - (11 - (18 - -2)) - -2?
53
Evaluate -6 - -14 - ((-10 - -4 - 8) + 0).
22
(2 - -12) + (536 - 531)
19
What is 9 - (-7 - -8) - (-68 - -104)?
-28
What is the value of -13 - (52 - -4) - -14?
-55
What is the value of (-174 - -149 - (0 - -1) - -33) + (0 - 0)?
7
What is 30 - (98 + -56) - (-4 - -1)?
-9
Evaluate -35 + (-105 - -26 - -155).
41
What is the value of -2 + 0 - ((29 - (59 - 47)) + -34)?
15
-27 - -2 - (7110 - 7069)
-66
What is -85 + 93 - (79 + -7) - 18?
-82
Calculate 288 + -290 - (-34 + 29 + 0 + -5).
8
What is the value of 21 + 6 - (46 + 62) - (-9 - (-4 + 3))?
-73
Evaluate -1 + (14 - (-6 + (-9 - (2 + 7)))).
37
Evaluate 29 + -16 + (44 - 32).
25
What is 4570 + -4469 + -2 + -112?
-13
Evaluate 36 + (0 - 61) + (3 - 86).
-108
167 - 147 - (-1 + 34) - (-89 + (1 - 0))
75
Calculate 6 + 58 - (-2 + 11 - (61 - 61)).
55
What is the value of -23 - (4 + 17) - 39 - 33?
-116
Calculate -7 + 73 + -37 - 51.
-22
What is (-15 - (-14 + 25 - 23)) + 65 + -8?
54
11 + 8 + 0 + -13 + (13 - 27)
-8
What is the value of -104 + 94 + 35 - -29?
54
Calculate -45 + 92 + -31 + (-2 - 10) - 12.
-8
(-4151 - -4116) + (41 - 1) + (2 - 1)
6
What is -1 - (0 + 10 - (22 - (29 + -40) - 25))?
-3
What is the value of (36 + -230 - -159) + 10 + 3?
-22
What is 36 - -10 - -36 - (-15 - (-8 + 3)) - -9?
101
42 + (6 - (1 - -24 - ((-3 - 25) + 38)))
33
What is the value of 2 - (63 - 2) - (295 + -316)?
-38
(-22 - -7) + (-25 - -6) + 47 + -9 + -8
-4
What is 2 - -41 - (0 - (-14 + 19))?
48
What is the value of 46 + 42 + -103 - 43?
-58
What is the value of -7 - -9 - (-5 + 2) - (148 - -5 - 76)?
-72
What is the value of 15 + (-81 + 30 - -20)?
-16
What is the value of (-34 - ((-1 - -44) + -33)) + 26?
-18
-2 - (-9 + (-9 - -2 - -28)) - 29
-43
What is 43 + (5 - 2 - -27) + -19?
54
Calculate -9 - (1 + -4 + 0 + (-533 - -497)).
30
What is the value of (-10 - 13 - -34) + -45 + -15?
-49
-19 + (70 - 16) - 60
-25
Evaluate -751 - -756 - (2 + 0).
3
What is (34 - 22) + -10 + (8 + 3 - 15)?
-2
Calculate -4 + 28 + (-37 - (1 - 98)).
84
Evaluate (9 + -30 + 38 - 9) + 1 + 0 + -8.
1
What is 8 - 5 - (11 + -4 + 4 + 8)?
-16
What is the value of (-365 - -333) + -1 + -2 + (-4 - (-2 - 4))?
-33
What is the value of -64 + (23 - -35) + -47?
-53
Calculate 55 + -8 + (-72 - -37).
12
43 + (-48 - (51 - 20))
-36
0 + -104 + (-195 - -160 - (2 + -48))
-93
What is -15 + (-1 + 9 - 6) - (-156 + 32 + 19)?
92
Calculate (2 - -1) + -17 + 42 + 64 + -61.
31
What is -48 - 7 - -56 - 56?
-55
What is the value of 77 + -85 + 113 - 192?
-87
Evaluate 0 + -10 - -10 - -31 - (0 + (15 - 9)).
25
Evaluate -43 + 19 + -10 + 6.
-28
Calculate (-131 - -123) + 62 + -3 + (-2 - -6).
55
What is -9 + (-5 - (-13 + 7)) - -12?
4
What is 2 + -43 + (13 - (21 + 0) - -16)?
-33
What is the value of (-14 - 13 - -15) + 6 + 8 - -35?
37
What is 330 + -353 + -2 + -2 - (-6 - (-5 + 2))?
-24
Calculate -5 + 1 + (1 - (5 + -12 + -31)).
35
Evaluate 2 - (0 - -1) - 3 - ((32 - 32) + 3).
-5
What is -1180 + 1181 + (1 - (2 - -35)) - -6?
-29
What is the value of 6 + 1 + 153 - (711 - 677)?
126
What is the value of (-60 - (101 + -133)) + -31?
-59
What is (0 - (-2 + 13)) + (11 + -7 - -4)?
-3
What is (55 - -5 - (64 - 42)) + -40?
-2
-46 + -117 + 232 + -127
-58
7 + -1 + -4 + 6 + 4140 + -4129
19
(-22 - 18